 common divisor of 34 and 4726?
34
Calculate the greatest common divisor of 112 and 80.
16
What is the greatest common divisor of 110 and 20?
10
Calculate the highest common factor of 4116 and 12.
12
Calculate the highest common divisor of 2071 and 646.
19
What is the highest common factor of 6615 and 21?
21
What is the greatest common divisor of 933 and 2?
1
What is the greatest common divisor of 126 and 54?
18
What is the highest common factor of 15660 and 90?
90
Calculate the greatest common factor of 25 and 1325.
25
What is the highest common divisor of 161 and 7?
7
Calculate the highest common divisor of 114 and 6.
6
What is the highest common divisor of 140 and 252?
28
Calculate the highest common factor of 16 and 784.
16
Calculate the highest common divisor of 470 and 376.
94
Calculate the highest common divisor of 189 and 8001.
63
Calculate the highest common factor of 7821 and 66.
33
Calculate the highest common factor of 435 and 10.
5
What is the highest common divisor of 53 and 1007?
53
Calculate the highest common factor of 137 and 4932.
137
What is the greatest common divisor of 8494 and 682?
62
Calculate the greatest common divisor of 406 and 14.
14
What is the greatest common factor of 4550 and 35?
35
What is the highest common factor of 119 and 476?
119
What is the highest common divisor of 448 and 512?
64
Calculate the greatest common factor of 777 and 21.
21
What is the highest common factor of 3150 and 21?
21
What is the highest common factor of 51 and 5831?
17
Calculate the greatest common divisor of 6615 and 21.
21
What is the highest common divisor of 24 and 708?
12
What is the greatest common divisor of 11 and 55?
11
What is the greatest common divisor of 2850 and 798?
114
Calculate the highest common divisor of 1085 and 70.
35
What is the greatest common divisor of 70 and 644?
14
Calculate the highest common divisor of 234 and 2886.
78
Calculate the greatest common divisor of 226 and 113.
113
Calculate the highest common factor of 208 and 32.
16
Calculate the highest common factor of 123 and 41.
41
Calculate the greatest common factor of 184 and 230.
46
Calculate the highest common factor of 237 and 12.
3
Calculate the greatest common factor of 1349 and 639.
71
Calculate the greatest common divisor of 4 and 9532.
4
What is the greatest common factor of 14 and 175?
7
Calculate the greatest common divisor of 60 and 195.
15
Calculate the greatest common factor of 1662 and 66.
6
Calculate the highest common factor of 582 and 222.
6
Calculate the greatest common divisor of 518 and 10.
2
Calculate the highest common factor of 453 and 128199.
453
What is the greatest common factor of 9530 and 20?
10
What is the greatest common divisor of 9058 and 14?
14
Calculate the highest common factor of 13 and 1495.
13
Calculate the highest common divisor of 344 and 24424.
344
Calculate the greatest common divisor of 30 and 3750.
30
Calculate the highest common divisor of 837 and 124.
31
What is the highest common divisor of 35973 and 7?
7
What is the highest common factor of 46 and 18?
2
What is the greatest common factor of 2678 and 13?
13
What is the greatest common factor of 21 and 10059?
21
What is the greatest common factor of 82 and 1312?
82
Calculate the highest common factor of 492 and 36.
12
What is the highest common divisor of 2584 and 836?
76
What is the greatest common factor of 9 and 369?
9
Calculate the greatest common divisor of 692 and 16262.
346
Calculate the highest common divisor of 90 and 146.
2
What is the highest common factor of 246 and 410?
82
What is the highest common factor of 1 and 547?
1
Calculate the highest common factor of 176 and 22.
22
What is the greatest common divisor of 49 and 17052?
49
What is the highest common divisor of 1378 and 52?
26
What is the highest common divisor of 1253 and 5549?
179
Calculate the highest common divisor of 240 and 832.
16
What is the greatest common divisor of 130 and 10?
10
What is the greatest common divisor of 250 and 30?
10
Calculate the highest common divisor of 825 and 975.
75
Calculate the greatest common divisor of 50 and 1450.
50
Calculate the greatest common factor of 255 and 8823.
51
Calculate the greatest common factor of 93 and 10571.
31
Calculate the highest common divisor of 136 and 256.
8
What is the highest common divisor of 32 and 16096?
32
What is the highest common factor of 1141 and 280?
7
Calculate the greatest common factor of 20 and 1980.
20
Calculate the greatest common divisor of 104 and 2314.
26
What is the greatest common factor of 47210 and 20?
10
Calculate the highest common factor of 104 and 88.
8
What is the greatest common divisor of 196 and 343?
49
Calculate the highest common divisor of 8 and 7272.
8
What is the highest common factor of 1275 and 51?
51
Calculate the greatest common factor of 160 and 290.
10
What is the greatest common factor of 136 and 1598?
34
Calculate the greatest common factor of 25863 and 74.
37
What is the greatest common divisor of 582 and 570?
6
Calculate the highest common factor of 8 and 5528.
8
What is the greatest common factor of 18 and 138?
6
What is the greatest common divisor of 33044 and 44?
44
Calculate the greatest common divisor of 20139 and 441.
147
What is the greatest common factor of 5 and 115?
5
Calculate the highest common factor of 141 and 235.
47
What is the greatest common factor of 209 and 95?
19
Calculate the greatest common divisor of 1272 and 168.
24
What is the greatest common divisor of 949 and 13?
13
Calculate the highest common factor of 162 and 2592.
162
Calculate the highest common divisor of 4867 and 157.
157
Calculate the highest common divisor of 8 and 64.
8
What is the greatest common factor of 1703 and 39?
13
Calculate the greatest common factor of 537 and 9487.
179
What is the greatest common factor of 127539 and 333?
333
What is the highest common factor of 238 and 170?
34
What is the highest common divisor of 540 and 16?
4
Calculate the greatest common divisor of 145 and 60.
5
What is the greatest common divisor of 5 and 41165?
5
Calculate the highest common factor of 25 and 1305.
5
What is the greatest common factor of 14 and 917?
7
Calculate the greatest common factor of 58 and 39266.
58
What is the greatest common divisor of 3 and 393?
3
What is the highest common factor of 27 and 432?
27
What is the greatest common divisor of 1000 and 125?
125
What is the highest common divisor of 9 and 7101?
9
Calculate the greatest common factor of 2 and 128.
2
What is the highest common factor of 8 and 30?
2
What is the highest common factor of 6126 and 6?
6
Calculate the highest common factor of 44 and 1782.
22
Calculate the highest common divisor of 36 and 51.
3
What is the greatest common factor of 190 and 780?
10
Calculate the highest common divisor of 45 and 195.
15
Calculate the greatest common factor of 320 and 190.
10
Calculate the greatest common factor of 3959 and 107.
107
Calculate the highest common divisor of 60 and 2000.
20
Calculate the greatest common divisor of 2535 and 165.
15
Calculate the greatest common divisor of 10600 and 400.
200
Calculate the greatest common divisor of 1806 and 516.
258
What is the highest common divisor of 2944 and 92?
92
Calculate the greatest common factor of 1029 and 15.
3
Calculate the highest common divisor of 767 and 26.
13
Calculate the highest common factor of 48 and 1356.
12
What is the greatest common factor of 34 and 850?
34
What is the highest common factor of 9290 and 2?
2
Calculate the highest common divisor of 154 and 14.
14
Calculate the greatest common divisor of 68781 and 227.
227
Calculate the highest common factor of 518 and 14.
14
What is the highest common divisor of 84 and 4060?
28
Calculate the highest common divisor of 230 and 30.
10
Calculate the highest common factor of 147 and 735.
147
Calculate the greatest common factor of 902 and 328.
82
What is the highest common factor of 43 and 817?
43
What is the greatest common factor of 1080 and 1120?
40
Calculate the highest common factor of 711 and 9.
9
Calculate the greatest common factor of 448 and 14.
14
Calculate the greatest common divisor of 1259 and 2.
1
What is the highest common divisor of 322 and 92?
46
What is the highest common factor of 6 and 792?
6
Wh